 h(y).
-20
Let l(v) = 13*v**2 + v - 1. Let g be l(1). Let c = 19 - g. Let h(u) = u - 14. Give h(c).
-8
Let p(d) = -6*d**3 - d**2 + 2*d - 1. Let q(w) = -3*w - 2. Let b be q(-1). Calculate p(b).
-6
Let q(r) = -5*r**3 + 7*r**2 + 6*r - 1. Let x(a) = -4*a**3 + 6*a**2 + 5*a. Let k(z) = 3*q(z) - 4*x(z). Calculate k(4).
5
Let w = 6 + -5. Let k(c) = -2 + c - 2*c**3 - 1 + c**2 + 2. Calculate k(w).
-1
Let m = -3 + 5. Let y(v) = -5 - 3*v**2 + m*v**2 + 3*v + 8. Determine y(3).
3
Let x(l) = -l**2 - 6*l - 3. Let y(h) = 3*h + 3. Let k be y(-6). Let m = k + 10. Determine x(m).
2
Let f(z) = -z - 4. Let t be f(-6). Suppose -t*r + 5 = -11. Suppose -i - u - r = 0, 2*u + 12 = -u. Let w(j) = j**2 + 3*j + 1. What is w(i)?
5
Let y be 30/9*(-9)/6. Let n(b) = 3*b + 6. What is n(y)?
-9
Suppose 0 = -5*o - 5*t + 20, -2*o - 5*t = -4*t - 13. Suppose -3*i = 4*u - u + o, 5*u = 3*i + 9. Let r(f) = -f**3 - 2*f**2 + 3*f - 2. Determine r(i).
-2
Let a(r) be the first derivative of r**4/4 + 5*r**3/3 + 3*r**2 + 4*r + 6. Calculate a(-4).
-4
Let a = 40 - 34. Let r(d) = d**2 - 4*d - 6. Determine r(a).
6
Let y(f) = -15 + 0*f**2 - 3*f + 2*f + f**2. Give y(0).
-15
Let q(h) = -7*h**2 + h + 6*h + 7 - 11*h - h**3 + 6*h. Give q(-7).
-7
Let s = 4 + -5. Let n(f) = 2 - 3 - 3*f**2 - 4*f**3 - 2*f + 2*f**2. Determine n(s).
4
Let f(k) be the second derivative of -k**3/3 - k**2/2 - 43*k. Suppose 5*l - l + 4*q = -40, 25 = -4*l - q. Determine f(l).
9
Let i(f) be the third derivative of f**6/120 - f**5/60 + 12*f**2. Determine i(1).
0
Let a(g) = -3*g - g - 11 + 9 + 3*g. Give a(4).
-6
Suppose -2 - 6 = 4*n. Let y(q) be the first derivative of 1 - q**3 - 16*q**2 + 15*q**2 - 2 + 2*q + 3. Determine y(n).
-6
Let d(n) = n**2 - 4. Let s(l) = -2*l - 11. Let r be s(-5). Let t be r + -2 + (2 - 2). Determine d(t).
5
Let f(p) = 2*p**2 + 4*p - 3. Let l(a) = a**2 + 2*a - 2. Let x(z) = 4*f(z) - 7*l(z). Give x(-2).
2
Let g(l) be the second derivative of -l**5/4 + l**3/6 + 11*l. Suppose -4*w - 10 = 2*j - 8*w, j = -w + 1. Give g(j).
4
Let g = -1 - -4. Let w(l) = 2*l + 6*l**2 + 0*l + 3*l + 4 + l**g + 0. Suppose 4*c + 11 = -9. Calculate w(c).
4
Suppose 29*g - 46 + 133 = 0. Let y(f) = -2*f**2 - 9*f - 4. Let v(t) = 5*t + 2*t**2 + 2 - 4*t**2 + 3*t**2. Let b(c) = 5*v(c) + 3*y(c). Calculate b(g).
-5
Let r(c) be the second derivative of c**4/12 - 4*c**3/3 + c**2 - 8*c. Give r(8).
2
Let g = 2 + 3. Suppose 6 + 14 = -g*w. Let s(u) be the third derivative of -u**4/12 - u**3 + 9*u**2. Determine s(w).
2
Let f(x) = -x**3 - x. Let k(r) = 5*r**3 - 5*r**2 + 8*r - 1. Let l(z) = 6*f(z) + k(z). Calculate l(-5).
-11
Let k(y) = y - 6. Let x = 13 - 7. Determine k(x).
0
Let y(g) = -g + 1. Suppose -2*s - 24 = 3*w, -15 + 1 = -s + 5*w. Give y(s).
7
Let s(n) = -2*n - 1046*n**3 + 6*n**2 - 1 - 5 + 1047*n**3. Let l(h) = -3*h + 4*h - 3*h. Let y be l(3). Determine s(y).
6
Let n(g) = -4*g**2 - 4 - 351*g + 346*g + 2*g**2. Let k(s) = -s**3 + 3*s**2 + 4*s + 3. Let r be k(4). Suppose -r*h - 9 = -0. What is n(h)?
-7
Suppose -u + 7 = 11. Let f(n) = 10*n + 5. Let k(j) = 19*j + 10. Let o(h) = 11*f(h) - 6*k(h). Give o(u).
11
Let y(h) = 3*h - 52 - 6*h + 53 - 4*h. What is y(-2)?
15
Let u(y) = -2*y. Let a(x) = 3*x + 1. Let n(o) = 3*a(o) + 5*u(o). Calculate n(7).
-4
Let m(w) = -w**2 - 3*w - 1. Let d(c) = -c**2 + 5*c - 4. Let t be d(5). Let s be t/10 + 126/(-35). What is m(s)?
-5
Let p(c) = 3*c + 3. Suppose 2*o = u + 1, 3*o - 7 - 2 = 3*u. Let w(x) = -3*x - 4. Let d(n) = u*w(n) - 6*p(n). Determine d(-2).
8
Let g(h) = -h**3 + 4*h**2 - 3*h + 3. Let k be g(3). Let a(x) = 33*x**k + 0*x - 3*x**2 + 3*x - 32*x**3. Give a(2).
2
Let t(f) = 2*f**2 - 13*f - 7. Let n(s) = s**2 - 7*s - 4. Let k(i) = -5*n(i) + 3*t(i). What is k(5)?
4
Let j(y) = -y**3 - 7*y**2 - 4*y + 4. Suppose 4 + 17 = -4*x - p, 5*p = -2*x + 3. Calculate j(x).
-8
Let a = 9 - 6. Suppose 0*m - a*x = 4*m - 7, 4*m = -x + 5. Let k(c) be the third derivative of -7*c**5/60 + c**4/12 - c**3/6 - 2*c**2. Give k(m).
-6
Let f(p) = p**3 + p - 2. Let a(l) = 2*l**3 + 2*l - 3. Let j(w) = -3*a(w) + 5*f(w). Let z(m) = -m**3 + 2*m + 1. Let y be z(-1). Suppose -4*n = -y*n. Give j(n).
-1
Let i(a) = 4*a - 74 - 2*a**2 + 3*a**2 + 78. Let j be 0 + 1 - (0 + -2). Let u be (2 - 0)/((-2)/j). Calculate i(u).
1
Let z(h) = h + 11. Let c(w) = w + 2. Let a(d) = -6*c(d) + z(d). Let v be 1/3 - (-1)/(-3). Let o = 1 - v. Determine a(o).
-6
Let a(z) = -z - 3. Let i be 3/(-6) - 14/(-4). Let b(d) = -14 - 5 + i - 5*d. Let n(s) = 11*a(s) - 2*b(s). Calculate n(-3).
2
Suppose 5*m + 2*w - 34 = -2*w, 0 = 4*m - 2*w - 22. Suppose -q = -2 + m. Let v(x) = -x - 5. Calculate v(q).
-1
Let j(q) = -5*q + q**2 + 2*q + 3 - 3*q. Suppose 2*v - z - 4 = 0, -5*v - z - 4*z + 10 = 0. Suppose -4*x + 32 = 3*a, -3*x + 0*x + v*a + 7 = 0. Determine j(x).
-2
Suppose 5*z - 6 = 3*z. Let l(v) = v**2 + 2 - 7 - 6*v**2 + 2*v + v**z. Give l(4).
-13
Let d(x) = -x**2 - x. Let s(f) = 2*f**2 + 7*f + 6. Let a(p) = -d(p) - s(p). What is a(-4)?
2
Let s(p) = 9*p + 4. Let d = 39 - 26. Let w(m) be the first derivative of 2*m**2 + 2*m - 1. Let t(o) = d*w(o) - 6*s(o). Determine t(5).
-8
Let o(v) be the third derivative of -v**5/60 - 5*v**4/24 + v**2. Suppose 0 = -4*n + 5 - 1. Let c = n + -5. Determine o(c).
4
Suppose 0 = -3*i + o - 18, -5*o = -3*i + 5*i - 5. Let b(n) = -n. What is b(i)?
5
Let j(i) = -i**3 - 2*i**2 - 3*i - 2. Let v(m) = -m - 1. Let s be v(2). Determine j(s).
16
Let m(q) be the first derivative of q**3 - 7*q**2 - q - 2. Let g(t) = -t**2 + 7*t + 1. Let k(h) = 7*g(h) + 3*m(h). Suppose -3*l - l = 16. Determine k(l).
8
Let u = 1 + 3. Let t(g) = -g**2 + 3*g - 5 - 2 + 6 - 2. Calculate t(u).
-7
Let y(k) = 6*k - 3*k + k. Determine y(2).
8
Let h(b) = b**2 + 5*b + 1. Let p(d) = -2*d + 20. Let g be p(12). Determine h(g).
-3
Suppose 3*g - 28 = -2*m, -3*m + 14 = -g + m. Let o(c) = -g*c**2 - 2*c + 0*c**2 + c**3 + 8*c. Determine o(4).
-8
Let z(k) = k - 1. Let y(w) be the third derivative of -w**6/120 + w**5/60 - w**4/3 + 5*w**3/6 + w**2. Let o(v) = -y(v) - 6*z(v). Determine o(2).
9
Let z(b) be the second derivative of b**5/20 + 3*b**4/4 + 7*b**3/6 - 4*b**2 + 17*b. Give z(-8).
0
Suppose 4*b - b - 9 = 0. Let q(y) = -4*y**3 - 2*y**3 + 4*y**3 + 8*y + b - 2 - 8*y**2. Let o(d) = d**3 + d**2 - d + 1. Let s(z) = -3*o(z) - q(z). Calculate s(4).
-8
Let a(p) = 3*p**2 - 9 - p + 35 - 14 - 14. Determine a(2).
8
Let m(z) = 1 + z - 3 - 3 + 9. Determine m(0).
4
Let n(u) = -6*u**2 - 5*u**2 + 5*u**2 - u**3. Let x(t) = -t**2 - t - 1. Let s = 11 + -12. Let a(j) = s*n(j) + 3*x(j). Give a(-3).
6
Let q = 12 + -3. Let g be (-1 - 3)*q/(-6). Let j(m) = m**3 - 6*m**2 + 2*m - 8. Determine j(g).
4
Let v(z) = z. Let w be (-1 + -1)*(-2)/4. Suppose w = -i + 2. Let y = i - 1. Give v(y).
0
Suppose -a - 3*a = 16. Suppose p - 6*p = 0. Let r(z) = -z**2 - z + p*z + 1 - 2*z. Give r(a).
-3
Let g be 2/4 + -5 + (-5)/(-2). Let y(h) = -h**3 + 4*h**2 + 3*h + 1. What is y(g)?
19
Let p(a) = 4*a - 1. Suppose -5*h + 0*h = -5. Calculate p(h).
3
Suppose 14 = -5*q + g - 2*g, 0 = -3*g + 3. Let v(k) = -k - 4. Give v(q).
-1
Let b(h) = -h**3 + 5*h**2 + h + 9. Let a(m) = m + 20. Let z be a(-10). Let o(n) = n**2 + 2*n + 11 - z - 2*n. Let v(d) = b(d) - 5*o(d). Give v(0).
4
Suppose -4*g = 12 - 16. Let i(m) = -2*m**3 + m**2 - m. What is i(g)?
-2
Let y(a) = a**3 + 3*a**2 + a. Let i be y(-2). Let j(u) = u**2 - 1 - 1 - i*u**2 + 0*u**2 + 6*u. Calculate j(5).
3
Let r(x) = -x - 1. Suppose -2*v - 2*v = 4. Let y(i) = -3. Let d(j) = 6. Let k(g) = 5*d(g) + 9*y(g). Let m(l) = v*k(l) + r(l). What is m(4)?
-8
Let c(t) be the first derivative of -t**4/4 + 10*t**3/3 + t**2 - 15*t - 13. Calculate c(10).
5
Let i(t) = t**2 - 5*t - 6. Suppose -35 = -4*n - 5*c, 3*n - 4*c - 6 = -c. Give i(n).
-6
Let a(q) be the first derivative of q**4/4 - q**3/3 - 4*q - 36. Suppose -4*z = z. Give a(z).
-4
Let v(k) = k + 1. Let h(t) = 4*t + 3. Let f(c) = -h(c) + 6*v(c). Let b(m) = -m - 4. Let r(o) = -3*b(o) - 2*f(o). Let g be 21/4 + (-1)/4. Give r(g).
1
Suppose 0 = -16*a + 20*a - 36. Let i(j) = j**2 - 2*j + a*j - 3*j - 6. Calculate i(-6).
6
Let s(n) = -5*n**2 - 11*n - 6. Let t(z) = 4*z**2 + 10*z + 6. Let p(h) = -3*s(h) - 4*t(h). Suppose 16*o + 42 = -38. Determine p(o).
4
Let p(k) = -6*k + 1. Let d be (-4)/14 + (-6)/(-21). Let b be d*((-2)/(-4))/1. Let f be (-5 - b) + 3 + 1. Determine p(f).
7
Let t(s)